{"id":10903,"date":"2016-01-06T02:00:18","date_gmt":"2016-01-06T01:00:18","guid":{"rendered":"https:\/\/www.chg.at\/?post_type=profile&#038;p=10903"},"modified":"2023-11-25T14:23:25","modified_gmt":"2023-11-25T13:23:25","slug":"arno-kahl","status":"publish","type":"profile","link":"https:\/\/www.chg.at\/en\/profile\/arno-kahl\/","title":{"rendered":"Arno Kahl"},"content":{"rendered":"<style type=\"text\/css\"> \n#cmsmasters_row_69f16be6dd1400_20118883 .cmsmasters_row_outer_parent { \n\tpadding-top: 0px; \n} \n\n#cmsmasters_row_69f16be6dd1400_20118883 .cmsmasters_row_outer_parent { \n\tpadding-bottom: 20px; \n} \n\n \n#cmsmasters_row_69f16be6dd2439_11979765 .cmsmasters_row_outer_parent { \n\tpadding-top: 0px; \n} \n\n#cmsmasters_row_69f16be6dd2439_11979765 .cmsmasters_row_outer_parent { \n\tpadding-bottom: 50px; \n} \n\n \n#cmsmasters_row_69f16be6decb45_22627738 .cmsmasters_row_outer_parent { \n\tpadding-top: 0px; \n} \n\n#cmsmasters_row_69f16be6decb45_22627738 .cmsmasters_row_outer_parent { \n\tpadding-bottom: 20px; \n} \n\n<\/style><div id=\"cmsmasters_row_69f16be6dd1400_20118883\" class=\"cmsmasters_row cmsmasters_color_scheme_default cmsmasters_row_top_default cmsmasters_row_bot_default cmsmasters_row_boxed\">\n<div class=\"cmsmasters_row_outer_parent\">\n<div class=\"cmsmasters_row_outer\">\n<div class=\"cmsmasters_row_inner\">\n<div class=\"cmsmasters_row_margin\">\n<div class=\"cmsmasters_column one_first\">\n<div class=\"cmsmasters_text\">\n<h2 class=\"cmsmasters_profile_title entry-title\" style=\"margin-bottom: 0px;\">Univ.-Prof. Dr. Arno Kahl<\/h2>\n<h5><span style=\"color: #d43555;\"> Professor at the University of Innsbruck <\/span><\/h5>\n<\/div>\n<\/div>\n<\/div>\n<\/div>\n<\/div>\n<\/div>\n<\/div>\n<div id=\"cmsmasters_row_69f16be6dd2439_11979765\" class=\"cmsmasters_row cmsmasters_color_scheme_default cmsmasters_row_top_default cmsmasters_row_bot_default cmsmasters_row_boxed\">\n<div class=\"cmsmasters_row_outer_parent\">\n<div class=\"cmsmasters_row_outer\">\n<div class=\"cmsmasters_row_inner\">\n<div class=\"cmsmasters_row_margin\">\n<div class=\"cmsmasters_column one_first\">\n<div class=\"aligncenter\">\n<div class=\"cmsmasters_img  cmsmasters_image_c\">\n<img src=\"https:\/\/www.chg.at\/wp-content\/uploads\/2023\/11\/CHG-Rechtsanwaelte-Arno-Kahl-2022-Wedermann-Profilfoto.jpg\" \/>\n<\/div>\n<\/div>\n<\/div>\n<\/div>\n<\/div>\n<\/div>\n<\/div>\n<\/div>\n<div id=\"cmsmasters_row_69f16be6decb45_22627738\" class=\"cmsmasters_row cmsmasters_color_scheme_default cmsmasters_row_top_default cmsmasters_row_bot_default cmsmasters_row_boxed\">\n<div class=\"cmsmasters_row_outer_parent\">\n<div class=\"cmsmasters_row_outer\">\n<div class=\"cmsmasters_row_inner\">\n<div class=\"cmsmasters_row_margin\">\n<div class=\"cmsmasters_column one_first\">\n<div class=\"cmsmasters_text\">\n<ul>\n<li>Head of the Institute for Public Law, Constitutional and Administrative Theory at the Leopold-Franzens-University of Innsbruck<\/li>\n<li>2003: Habilitation on the topic &#8220;Local public transport on the way to competition &#8211; at the same time a contribution to the liberalisation of municipal services of general interest&#8221; (German original title: \u201eDer \u00f6ffentliche Personennahverkehr auf dem Weg zum Wettbewerb \u2013 Zugleich ein Beitrag zur Liberalisierung kommunaler Daseinsvorsorgeleistungen\u201c) (Prize of the Municipalities 2005); Venia: Constitutional law, administrative law, European law<\/li>\n<li>2007: Appointment as university professor at the Vienna University of Economics and Business (sec. 99 UG 2002)<\/li>\n<li>2009: Appointment as university professor at the Institute for Public Law, Constitutional and Administrative Theory (successor: Prof. Dr Siegbert Morscher)<\/li>\n<li>Numerous publications, co-editor of Austria-wide anthologies and commentaries<\/li>\n<li>Non-university lecturing activities (symposia; Lawyers&#8217; Academy; MCI; Association of German Constitutional Law Teachers 2016),<\/li>\n<li>several academic prizes<\/li>\n<li>Academic director of the ARS Public Procurement Law Academy in Vienna<\/li>\n<\/ul>\n<\/div>\n<\/div>\n<\/div>\n<\/div>\n<\/div>\n<\/div>\n<\/div>\n\n","protected":false},"excerpt":{"rendered":"<p>Acting as an expert in the field of administrative law<\/p>\n","protected":false},"featured_media":22247,"menu_order":760,"comment_status":"closed","ping_status":"closed","template":"","meta":{"inline_featured_image":false},"pl-categs":[80],"yoast_head":"<!-- This site is optimized with the Yoast SEO plugin v19.8 - https:\/\/yoast.com\/wordpress\/plugins\/seo\/ -->\n<title>Arno Kahl &ndash; CHG Czernich Rechtsanw\u00e4lte - Innsbruck<\/title>\n<meta name=\"description\" content=\"Externer Berater, CHG Czernich Rechtsanw\u00e4lte, Verwaltungs- und Verfassungsrecht, \u00f6ffentliches Wirtschaftsrecht.\" \/>\n<meta name=\"robots\" content=\"index, follow, max-snippet:-1, max-image-preview:large, max-video-preview:-1\" \/>\n<link rel=\"canonical\" href=\"https:\/\/www.chg.at\/en\/profile\/arno-kahl\/\" \/>\n<meta property=\"og:locale\" content=\"en_US\" \/>\n<meta property=\"og:type\" content=\"article\" \/>\n<meta property=\"og:title\" content=\"Arno Kahl &ndash; CHG Czernich Rechtsanw\u00e4lte - Innsbruck\" \/>\n<meta property=\"og:description\" content=\"Externer Berater, CHG Czernich Rechtsanw\u00e4lte, Verwaltungs- und Verfassungsrecht, \u00f6ffentliches Wirtschaftsrecht.\" \/>\n<meta property=\"og:url\" content=\"https:\/\/www.chg.at\/en\/profile\/arno-kahl\/\" \/>\n<meta property=\"og:site_name\" content=\"CHG Czernich Rechtsanw\u00e4lte \u2013 Wir bewegen Wirtschaft\" \/>\n<meta property=\"article:modified_time\" content=\"2023-11-25T13:23:25+00:00\" \/>\n<meta property=\"og:image\" content=\"https:\/\/www.chg.at\/wp-content\/uploads\/2023\/11\/CHG-Rechtsanwaelte-Arno-Kahl-Portrait.jpg\" \/>\n\t<meta property=\"og:image:width\" content=\"450\" \/>\n\t<meta property=\"og:image:height\" content=\"600\" \/>\n\t<meta property=\"og:image:type\" content=\"image\/jpeg\" \/>\n<meta name=\"twitter:card\" content=\"summary_large_image\" \/>\n<meta name=\"twitter:label1\" content=\"Est. reading time\" \/>\n\t<meta name=\"twitter:data1\" content=\"2 minutes\" \/>\n<script type=\"application\/ld+json\" class=\"yoast-schema-graph\">{\"@context\":\"https:\/\/schema.org\",\"@graph\":[{\"@type\":\"WebPage\",\"@id\":\"https:\/\/www.chg.at\/en\/profile\/arno-kahl\/\",\"url\":\"https:\/\/www.chg.at\/en\/profile\/arno-kahl\/\",\"name\":\"Arno Kahl &ndash; CHG Czernich Rechtsanw\u00e4lte - Innsbruck\",\"isPartOf\":{\"@id\":\"https:\/\/www.chg.at\/en\/#website\"},\"datePublished\":\"2016-01-06T01:00:18+00:00\",\"dateModified\":\"2023-11-25T13:23:25+00:00\",\"description\":\"Externer Berater, CHG Czernich Rechtsanw\u00e4lte, Verwaltungs- und Verfassungsrecht, \u00f6ffentliches Wirtschaftsrecht.\",\"breadcrumb\":{\"@id\":\"https:\/\/www.chg.at\/en\/profile\/arno-kahl\/#breadcrumb\"},\"inLanguage\":\"en-US\",\"potentialAction\":[{\"@type\":\"ReadAction\",\"target\":[\"https:\/\/www.chg.at\/en\/profile\/arno-kahl\/\"]}]},{\"@type\":\"BreadcrumbList\",\"@id\":\"https:\/\/www.chg.at\/en\/profile\/arno-kahl\/#breadcrumb\",\"itemListElement\":[{\"@type\":\"ListItem\",\"position\":1,\"name\":\"Startseite\",\"item\":\"https:\/\/www.chg.at\/en\/\"},{\"@type\":\"ListItem\",\"position\":2,\"name\":\"Profiles\",\"item\":\"https:\/\/www.chg.at\/en\/profile\/\"},{\"@type\":\"ListItem\",\"position\":3,\"name\":\"Arno Kahl\"}]},{\"@type\":\"WebSite\",\"@id\":\"https:\/\/www.chg.at\/en\/#website\",\"url\":\"https:\/\/www.chg.at\/en\/\",\"name\":\"CHG Czernich Rechtsanw\u00e4lte \u2013 Wir bewegen Wirtschaft\",\"description\":\"Wir sorgen f\u00fcr Klarheit, wenn es rechtlich kompliziert wird. In jeder Phase Ihrer Unternehmungen. Sie ergreifen die Chancen. Wir verwandeln Risiken in L\u00f6sungen.\",\"publisher\":{\"@id\":\"https:\/\/www.chg.at\/en\/#organization\"},\"potentialAction\":[{\"@type\":\"SearchAction\",\"target\":{\"@type\":\"EntryPoint\",\"urlTemplate\":\"https:\/\/www.chg.at\/en\/?s={search_term_string}\"},\"query-input\":\"required name=search_term_string\"}],\"inLanguage\":\"en-US\"},{\"@type\":\"Organization\",\"@id\":\"https:\/\/www.chg.at\/en\/#organization\",\"name\":\"CHG Czernich Rechtsanw\u00e4lte\",\"url\":\"https:\/\/www.chg.at\/en\/\",\"sameAs\":[\"https:\/\/www.linkedin.com\/company\/12773263\/admin\/dashboard\/\"],\"logo\":{\"@type\":\"ImageObject\",\"inLanguage\":\"en-US\",\"@id\":\"https:\/\/www.chg.at\/en\/#\/schema\/logo\/image\/\",\"url\":\"https:\/\/www.chg.at\/wp-content\/uploads\/2016\/08\/CHG_logo_250_1.png\",\"contentUrl\":\"https:\/\/www.chg.at\/wp-content\/uploads\/2016\/08\/CHG_logo_250_1.png\",\"width\":250,\"height\":33,\"caption\":\"CHG Czernich Rechtsanw\u00e4lte\"},\"image\":{\"@id\":\"https:\/\/www.chg.at\/en\/#\/schema\/logo\/image\/\"}}]}<\/script>\n<!-- \/ Yoast SEO plugin. -->","yoast_head_json":{"title":"Arno Kahl &ndash; CHG Czernich Rechtsanw\u00e4lte - Innsbruck","description":"Externer Berater, CHG Czernich Rechtsanw\u00e4lte, Verwaltungs- und Verfassungsrecht, \u00f6ffentliches Wirtschaftsrecht.","robots":{"index":"index","follow":"follow","max-snippet":"max-snippet:-1","max-image-preview":"max-image-preview:large","max-video-preview":"max-video-preview:-1"},"canonical":"https:\/\/www.chg.at\/en\/profile\/arno-kahl\/","og_locale":"en_US","og_type":"article","og_title":"Arno Kahl &ndash; CHG Czernich Rechtsanw\u00e4lte - Innsbruck","og_description":"Externer Berater, CHG Czernich Rechtsanw\u00e4lte, Verwaltungs- und Verfassungsrecht, \u00f6ffentliches Wirtschaftsrecht.","og_url":"https:\/\/www.chg.at\/en\/profile\/arno-kahl\/","og_site_name":"CHG Czernich Rechtsanw\u00e4lte \u2013 Wir bewegen Wirtschaft","article_modified_time":"2023-11-25T13:23:25+00:00","og_image":[{"width":450,"height":600,"url":"https:\/\/www.chg.at\/wp-content\/uploads\/2023\/11\/CHG-Rechtsanwaelte-Arno-Kahl-Portrait.jpg","type":"image\/jpeg"}],"twitter_card":"summary_large_image","twitter_misc":{"Est. reading time":"2 minutes"},"schema":{"@context":"https:\/\/schema.org","@graph":[{"@type":"WebPage","@id":"https:\/\/www.chg.at\/en\/profile\/arno-kahl\/","url":"https:\/\/www.chg.at\/en\/profile\/arno-kahl\/","name":"Arno Kahl &ndash; CHG Czernich Rechtsanw\u00e4lte - Innsbruck","isPartOf":{"@id":"https:\/\/www.chg.at\/en\/#website"},"datePublished":"2016-01-06T01:00:18+00:00","dateModified":"2023-11-25T13:23:25+00:00","description":"Externer Berater, CHG Czernich Rechtsanw\u00e4lte, Verwaltungs- und Verfassungsrecht, \u00f6ffentliches Wirtschaftsrecht.","breadcrumb":{"@id":"https:\/\/www.chg.at\/en\/profile\/arno-kahl\/#breadcrumb"},"inLanguage":"en-US","potentialAction":[{"@type":"ReadAction","target":["https:\/\/www.chg.at\/en\/profile\/arno-kahl\/"]}]},{"@type":"BreadcrumbList","@id":"https:\/\/www.chg.at\/en\/profile\/arno-kahl\/#breadcrumb","itemListElement":[{"@type":"ListItem","position":1,"name":"Startseite","item":"https:\/\/www.chg.at\/en\/"},{"@type":"ListItem","position":2,"name":"Profiles","item":"https:\/\/www.chg.at\/en\/profile\/"},{"@type":"ListItem","position":3,"name":"Arno Kahl"}]},{"@type":"WebSite","@id":"https:\/\/www.chg.at\/en\/#website","url":"https:\/\/www.chg.at\/en\/","name":"CHG Czernich Rechtsanw\u00e4lte \u2013 Wir bewegen Wirtschaft","description":"Wir sorgen f\u00fcr Klarheit, wenn es rechtlich kompliziert wird. In jeder Phase Ihrer Unternehmungen. Sie ergreifen die Chancen. Wir verwandeln Risiken in L\u00f6sungen.","publisher":{"@id":"https:\/\/www.chg.at\/en\/#organization"},"potentialAction":[{"@type":"SearchAction","target":{"@type":"EntryPoint","urlTemplate":"https:\/\/www.chg.at\/en\/?s={search_term_string}"},"query-input":"required name=search_term_string"}],"inLanguage":"en-US"},{"@type":"Organization","@id":"https:\/\/www.chg.at\/en\/#organization","name":"CHG Czernich Rechtsanw\u00e4lte","url":"https:\/\/www.chg.at\/en\/","sameAs":["https:\/\/www.linkedin.com\/company\/12773263\/admin\/dashboard\/"],"logo":{"@type":"ImageObject","inLanguage":"en-US","@id":"https:\/\/www.chg.at\/en\/#\/schema\/logo\/image\/","url":"https:\/\/www.chg.at\/wp-content\/uploads\/2016\/08\/CHG_logo_250_1.png","contentUrl":"https:\/\/www.chg.at\/wp-content\/uploads\/2016\/08\/CHG_logo_250_1.png","width":250,"height":33,"caption":"CHG Czernich Rechtsanw\u00e4lte"},"image":{"@id":"https:\/\/www.chg.at\/en\/#\/schema\/logo\/image\/"}}]}},"_links":{"self":[{"href":"https:\/\/www.chg.at\/en\/wp-json\/wp\/v2\/profile\/10903"}],"collection":[{"href":"https:\/\/www.chg.at\/en\/wp-json\/wp\/v2\/profile"}],"about":[{"href":"https:\/\/www.chg.at\/en\/wp-json\/wp\/v2\/types\/profile"}],"replies":[{"embeddable":true,"href":"https:\/\/www.chg.at\/en\/wp-json\/wp\/v2\/comments?post=10903"}],"version-history":[{"count":8,"href":"https:\/\/www.chg.at\/en\/wp-json\/wp\/v2\/profile\/10903\/revisions"}],"predecessor-version":[{"id":22984,"href":"https:\/\/www.chg.at\/en\/wp-json\/wp\/v2\/profile\/10903\/revisions\/22984"}],"wp:featuredmedia":[{"embeddable":true,"href":"https:\/\/www.chg.at\/en\/wp-json\/wp\/v2\/media\/22247"}],"wp:attachment":[{"href":"https:\/\/www.chg.at\/en\/wp-json\/wp\/v2\/media?parent=10903"}],"wp:term":[{"taxonomy":"pl-categs","embeddable":true,"href":"https:\/\/www.chg.at\/en\/wp-json\/wp\/v2\/pl-categs?post=10903"}],"curies":[{"name":"wp","href":"https:\/\/api.w.org\/{rel}","templated":true}]}}

<style type="text/css"> 
#cmsmasters_row_69f16be6dd1400_20118883 .cmsmasters_row_outer_parent { 
	padding-top: 0px; 
} 

#cmsmasters_row_69f16be6dd1400_20118883 .cmsmasters_row_outer_parent { 
	padding-bottom: 20px; 
} 

 
#cmsmasters_row_69f16be6dd2439_11979765 .cmsmasters_row_outer_parent { 
	padding-top: 0px; 
} 

#cmsmasters_row_69f16be6dd2439_11979765 .cmsmasters_row_outer_parent { 
	padding-bottom: 50px; 
} 

 
#cmsmasters_row_69f16be6decb45_22627738 .cmsmasters_row_outer_parent { 
	padding-top: 0px; 
} 

#cmsmasters_row_69f16be6decb45_22627738 .cmsmasters_row_outer_parent { 
	padding-bottom: 20px; 
} 

</style><div id="cmsmasters_row_69f16be6dd1400_20118883" class="cmsmasters_row cmsmasters_color_scheme_default cmsmasters_row_top_default cmsmasters_row_bot_default cmsmasters_row_boxed">
<div class="cmsmasters_row_outer_parent">
<div class="cmsmasters_row_outer">
<div class="cmsmasters_row_inner">
<div class="cmsmasters_row_margin">
<div class="cmsmasters_column one_first">
<div class="cmsmasters_text">
<h2 class="cmsmasters_profile_title entry-title" style="margin-bottom: 0px;">Univ.-Prof. Dr. Arno Kahl</h2>
<h5><span style="color: #d43555;"> Professor at the University of Innsbruck </span></h5>
</div>
</div>
</div>
</div>
</div>
</div>
</div>
<div id="cmsmasters_row_69f16be6dd2439_11979765" class="cmsmasters_row cmsmasters_color_scheme_default cmsmasters_row_top_default cmsmasters_row_bot_default cmsmasters_row_boxed">
<div class="cmsmasters_row_outer_parent">
<div class="cmsmasters_row_outer">
<div class="cmsmasters_row_inner">
<div class="cmsmasters_row_margin">
<div class="cmsmasters_column one_first">
<div class="aligncenter">
<div class="cmsmasters_img  cmsmasters_image_c">
<img src="https://www.chg.at/wp-content/uploads/2023/11/CHG-Rechtsanwaelte-Arno-Kahl-2022-Wedermann-Profilfoto.jpg" />
</div>
</div>
</div>
</div>
</div>
</div>
</div>
</div>
<div id="cmsmasters_row_69f16be6decb45_22627738" class="cmsmasters_row cmsmasters_color_scheme_default cmsmasters_row_top_default cmsmasters_row_bot_default cmsmasters_row_boxed">
<div class="cmsmasters_row_outer_parent">
<div class="cmsmasters_row_outer">
<div class="cmsmasters_row_inner">
<div class="cmsmasters_row_margin">
<div class="cmsmasters_column one_first">
<div class="cmsmasters_text">
<ul>
<li>Head of the Institute for Public Law, Constitutional and Administrative Theory at the Leopold-Franzens-University of Innsbruck</li>
<li>2003: Habilitation on the topic &#8220;Local public transport on the way to competition &#8211; at the same time a contribution to the liberalisation of municipal services of general interest&#8221; (German original title: „Der öffentliche Personennahverkehr auf dem Weg zum Wettbewerb – Zugleich ein Beitrag zur Liberalisierung kommunaler Daseinsvorsorgeleistungen“) (Prize of the Municipalities 2005); Venia: Constitutional law, administrative law, European law</li>
<li>2007: Appointment as university professor at the Vienna University of Economics and Business (sec. 99 UG 2002)</li>
<li>2009: Appointment as university professor at the Institute for Public Law, Constitutional and Administrative Theory (successor: Prof. Dr Siegbert Morscher)</li>
<li>Numerous publications, co-editor of Austria-wide anthologies and commentaries</li>
<li>Non-university lecturing activities (symposia; Lawyers&#8217; Academy; MCI; Association of German Constitutional Law Teachers 2016),</li>
<li>several academic prizes</li>
<li>Academic director of the ARS Public Procurement Law Academy in Vienna</li>
</ul>
</div>
</div>
</div>
</div>
</div>
</div>
</div>

<!-- This site is optimized with the Yoast SEO plugin v19.8 - https://yoast.com/wordpress/plugins/seo/ -->
<title>Arno Kahl &ndash; CHG Czernich Rechtsanwälte - Innsbruck</title>
<meta name="description" content="Externer Berater, CHG Czernich Rechtsanwälte, Verwaltungs- und Verfassungsrecht, öffentliches Wirtschaftsrecht." />
<meta name="robots" content="index, follow, max-snippet:-1, max-image-preview:large, max-video-preview:-1" />
<link rel="canonical" href="https://www.chg.at/en/profile/arno-kahl/" />
<meta property="og:locale" content="en_US" />
<meta property="og:type" content="article" />
<meta property="og:title" content="Arno Kahl &ndash; CHG Czernich Rechtsanwälte - Innsbruck" />
<meta property="og:description" content="Externer Berater, CHG Czernich Rechtsanwälte, Verwaltungs- und Verfassungsrecht, öffentliches Wirtschaftsrecht." />
<meta property="og:url" content="https://www.chg.at/en/profile/arno-kahl/" />
<meta property="og:site_name" content="CHG Czernich Rechtsanwälte – Wir bewegen Wirtschaft" />
<meta property="article:modified_time" content="2023-11-25T13:23:25+00:00" />
<meta property="og:image" content="https://www.chg.at/wp-content/uploads/2023/11/CHG-Rechtsanwaelte-Arno-Kahl-Portrait.jpg" />
	<meta property="og:image:width" content="450" />
	<meta property="og:image:height" content="600" />
	<meta property="og:image:type" content="image/jpeg" />
<meta name="twitter:card" content="summary_large_image" />
<meta name="twitter:label1" content="Est. reading time" />
	<meta name="twitter:data1" content="2 minutes" />
<script type="application/ld+json" class="yoast-schema-graph">{"@context":"https://schema.org","@graph":[{"@type":"WebPage","@id":"https://www.chg.at/en/profile/arno-kahl/","url":"https://www.chg.at/en/profile/arno-kahl/","name":"Arno Kahl &ndash; CHG Czernich Rechtsanwälte - Innsbruck","isPartOf":{"@id":"https://www.chg.at/en/#website"},"datePublished":"2016-01-06T01:00:18+00:00","dateModified":"2023-11-25T13:23:25+00:00","description":"Externer Berater, CHG Czernich Rechtsanwälte, Verwaltungs- und Verfassungsrecht, öffentliches Wirtschaftsrecht.","breadcrumb":{"@id":"https://www.chg.at/en/profile/arno-kahl/#breadcrumb"},"inLanguage":"en-US","potentialAction":[{"@type":"ReadAction","target":["https://www.chg.at/en/profile/arno-kahl/"]}]},{"@type":"BreadcrumbList","@id":"https://www.chg.at/en/profile/arno-kahl/#breadcrumb","itemListElement":[{"@type":"ListItem","position":1,"name":"Startseite","item":"https://www.chg.at/en/"},{"@type":"ListItem","position":2,"name":"Profiles","item":"https://www.chg.at/en/profile/"},{"@type":"ListItem","position":3,"name":"Arno Kahl"}]},{"@type":"WebSite","@id":"https://www.chg.at/en/#website","url":"https://www.chg.at/en/","name":"CHG Czernich Rechtsanwälte – Wir bewegen Wirtschaft","description":"Wir sorgen für Klarheit, wenn es rechtlich kompliziert wird. In jeder Phase Ihrer Unternehmungen. Sie ergreifen die Chancen. Wir verwandeln Risiken in Lösungen.","publisher":{"@id":"https://www.chg.at/en/#organization"},"potentialAction":[{"@type":"SearchAction","target":{"@type":"EntryPoint","urlTemplate":"https://www.chg.at/en/?s={search_term_string}"},"query-input":"required name=search_term_string"}],"inLanguage":"en-US"},{"@type":"Organization","@id":"https://www.chg.at/en/#organization","name":"CHG Czernich Rechtsanwälte","url":"https://www.chg.at/en/","sameAs":["https://www.linkedin.com/company/12773263/admin/dashboard/"],"logo":{"@type":"ImageObject","inLanguage":"en-US","@id":"https://www.chg.at/en/#/schema/logo/image/","url":"https://www.chg.at/wp-content/uploads/2016/08/CHG_logo_250_1.png","contentUrl":"https://www.chg.at/wp-content/uploads/2016/08/CHG_logo_250_1.png","width":250,"height":33,"caption":"CHG Czernich Rechtsanwälte"},"image":{"@id":"https://www.chg.at/en/#/schema/logo/image/"}}]}</script>
<!-- / Yoast SEO plugin. -->

Arno Kahl &ndash; CHG Czernich Rechtsanwälte - Innsbruck

Externer Berater, CHG Czernich Rechtsanwälte, Verwaltungs- und Verfassungsrecht, öffentliches Wirtschaftsrecht.

CHG Czernich Rechtsanwälte – Wir bewegen Wirtschaft

Wir sorgen für Klarheit, wenn es rechtlich kompliziert wird. In jeder Phase Ihrer Unternehmungen. Sie ergreifen die Chancen. Wir verwandeln Risiken in Lösungen.

CHG Czernich Rechtsanwälte
