{"id":8837,"date":"2022-09-20T04:00:25","date_gmt":"2022-09-20T02:00:25","guid":{"rendered":"https:\/\/www.chg.at\/?post_type=profile&#038;p=8837\/"},"modified":"2025-06-24T15:10:50","modified_gmt":"2025-06-24T13:10:50","slug":"laura-gleinser","status":"publish","type":"profile","link":"https:\/\/www.chg.at\/en\/profile\/laura-gleinser\/","title":{"rendered":"Laura Gleinser"},"content":{"rendered":"<style type=\"text\/css\"> \n#cmsmasters_row_69f16cc384ddd9_26086041 .cmsmasters_row_outer_parent { \n\tpadding-top: 0px; \n} \n\n#cmsmasters_row_69f16cc384ddd9_26086041 .cmsmasters_row_outer_parent { \n\tpadding-bottom: 20px; \n} \n\n \n#cmsmasters_row_69f16cc384edd2_77211951 .cmsmasters_row_outer_parent { \n\tpadding-top: 0px; \n} \n\n#cmsmasters_row_69f16cc384edd2_77211951 .cmsmasters_row_outer_parent { \n\tpadding-bottom: 50px; \n} \n\n \n#cmsmasters_row_69f16cc3854b45_61984173 .cmsmasters_row_outer_parent { \n\tpadding-top: 0px; \n} \n\n#cmsmasters_row_69f16cc3854b45_61984173 .cmsmasters_row_outer_parent { \n\tpadding-bottom: 20px; \n} \n\n<\/style><div id=\"cmsmasters_row_69f16cc384ddd9_26086041\" class=\"cmsmasters_row cmsmasters_color_scheme_default cmsmasters_row_top_default cmsmasters_row_bot_default cmsmasters_row_boxed\">\n<div class=\"cmsmasters_row_outer_parent\">\n<div class=\"cmsmasters_row_outer\">\n<div class=\"cmsmasters_row_inner\">\n<div class=\"cmsmasters_row_margin\">\n<div class=\"cmsmasters_column one_first\">\n<div class=\"cmsmasters_text\">\n<h2 class=\"cmsmasters_profile_title entry-title\" style=\"margin-bottom: 0px;\">Dr. Laura Gleinser, LL.M.<\/h2>\n<h5><span style=\"color: #d43555;\">Attorney-at-law and Partner<\/span><\/h5>\n<\/div>\n<\/div>\n<\/div>\n<\/div>\n<\/div>\n<\/div>\n<\/div>\n<div id=\"cmsmasters_row_69f16cc384edd2_77211951\" class=\"cmsmasters_row cmsmasters_color_scheme_default cmsmasters_row_top_default cmsmasters_row_bot_default cmsmasters_row_boxed\">\n<div class=\"cmsmasters_row_outer_parent\">\n<div class=\"cmsmasters_row_outer\">\n<div class=\"cmsmasters_row_inner\">\n<div class=\"cmsmasters_row_margin\">\n<div class=\"cmsmasters_column one_first\">\n<div class=\"cmsmasters_img  cmsmasters_image_n\">\n<img src=\"https:\/\/www.chg.at\/wp-content\/uploads\/2022\/11\/CHG-Rechtsanwaelte-Laura-Gleinser-Profilfoto.jpg\" \/>\n<\/div>\n<\/div>\n<\/div>\n<\/div>\n<\/div>\n<\/div>\n<\/div>\n<div id=\"cmsmasters_row_69f16cc3854b45_61984173\" class=\"cmsmasters_row cmsmasters_color_scheme_default cmsmasters_row_top_default cmsmasters_row_bot_default cmsmasters_row_boxed\">\n<div class=\"cmsmasters_row_outer_parent\">\n<div class=\"cmsmasters_row_outer\">\n<div class=\"cmsmasters_row_inner\">\n<div class=\"cmsmasters_row_margin\">\n<div class=\"cmsmasters_column one_first\">\n<div class=\"cmsmasters_text\">\n<p>Laura Gleinser advises our clients on major contract awards and handles public procurement procedures up to the award of the contract. With her international background, she also advises on international contracts and various problems in construction contract law, such as claims for additional costs.<\/p>\n<p>Laura Gleinser studied law in Innsbruck and Dublin. She then worked as a university assistant at the Institute for Corporate and Tax Law at the University of Innsbruck and in the legal department of an international group. While working, she completed a postgraduate programme at Steinbeis University Berlin. She has been a lawyer in the public commercial law and public procurement law practice group since 2021.<\/p>\n<\/div>\n<\/div>\n<\/div>\n<\/div>\n<\/div>\n<\/div>\n<\/div>\n\n","protected":false},"excerpt":{"rendered":"<p>Specialisation in public commercial law and public procurement law and general civil and contract law<\/p>\n","protected":false},"featured_media":28770,"menu_order":12,"comment_status":"closed","ping_status":"closed","template":"","meta":{"inline_featured_image":false},"pl-categs":[105,76],"yoast_head":"<!-- This site is optimized with the Yoast SEO plugin v19.8 - https:\/\/yoast.com\/wordpress\/plugins\/seo\/ -->\n<title>Laura Gleinser &ndash; CHG Czernich Rechtsanw\u00e4lte - Innsbruck<\/title>\n<meta name=\"description\" content=\"Rechtsanw\u00e4ltin, CHG Czernich Rechtsanw\u00e4lte Innsbruck, \u00d6ffentliches Wirtschaftsrecht und Vergaberecht, Gesellschaftsrecht, Unternehmensrecht, Immaterialg\u00fcterrecht, Europaprecht\" \/>\n<meta name=\"robots\" content=\"index, follow, max-snippet:-1, max-image-preview:large, max-video-preview:-1\" \/>\n<link rel=\"canonical\" href=\"https:\/\/www.chg.at\/en\/profile\/laura-gleinser\/\" \/>\n<meta property=\"og:locale\" content=\"en_US\" \/>\n<meta property=\"og:type\" content=\"article\" \/>\n<meta property=\"og:title\" content=\"Laura Gleinser &ndash; CHG Czernich Rechtsanw\u00e4lte - Innsbruck\" \/>\n<meta property=\"og:description\" content=\"Rechtsanw\u00e4ltin, CHG Czernich Rechtsanw\u00e4lte Innsbruck, \u00d6ffentliches Wirtschaftsrecht und Vergaberecht, Gesellschaftsrecht, Unternehmensrecht, Immaterialg\u00fcterrecht, Europaprecht\" \/>\n<meta property=\"og:url\" content=\"https:\/\/www.chg.at\/en\/profile\/laura-gleinser\/\" \/>\n<meta property=\"og:site_name\" content=\"CHG Czernich Rechtsanw\u00e4lte \u2013 Wir bewegen Wirtschaft\" \/>\n<meta property=\"article:modified_time\" content=\"2025-06-24T13:10:50+00:00\" \/>\n<meta property=\"og:image\" content=\"https:\/\/www.chg.at\/wp-content\/uploads\/2022\/11\/CHG-Rechtsanwaelte-Laura-Gleinser-Portrait.jpg\" \/>\n\t<meta property=\"og:image:width\" content=\"1160\" \/>\n\t<meta property=\"og:image:height\" content=\"1547\" \/>\n\t<meta property=\"og:image:type\" content=\"image\/jpeg\" \/>\n<meta name=\"twitter:card\" content=\"summary_large_image\" \/>\n<meta name=\"twitter:label1\" content=\"Est. reading time\" \/>\n\t<meta name=\"twitter:data1\" content=\"1 minute\" \/>\n<script type=\"application\/ld+json\" class=\"yoast-schema-graph\">{\"@context\":\"https:\/\/schema.org\",\"@graph\":[{\"@type\":\"WebPage\",\"@id\":\"https:\/\/www.chg.at\/en\/profile\/laura-gleinser\/\",\"url\":\"https:\/\/www.chg.at\/en\/profile\/laura-gleinser\/\",\"name\":\"Laura Gleinser &ndash; CHG Czernich Rechtsanw\u00e4lte - Innsbruck\",\"isPartOf\":{\"@id\":\"https:\/\/www.chg.at\/en\/#website\"},\"datePublished\":\"2022-09-20T02:00:25+00:00\",\"dateModified\":\"2025-06-24T13:10:50+00:00\",\"description\":\"Rechtsanw\u00e4ltin, CHG Czernich Rechtsanw\u00e4lte Innsbruck, \u00d6ffentliches Wirtschaftsrecht und Vergaberecht, Gesellschaftsrecht, Unternehmensrecht, Immaterialg\u00fcterrecht, Europaprecht\",\"breadcrumb\":{\"@id\":\"https:\/\/www.chg.at\/en\/profile\/laura-gleinser\/#breadcrumb\"},\"inLanguage\":\"en-US\",\"potentialAction\":[{\"@type\":\"ReadAction\",\"target\":[\"https:\/\/www.chg.at\/en\/profile\/laura-gleinser\/\"]}]},{\"@type\":\"BreadcrumbList\",\"@id\":\"https:\/\/www.chg.at\/en\/profile\/laura-gleinser\/#breadcrumb\",\"itemListElement\":[{\"@type\":\"ListItem\",\"position\":1,\"name\":\"Startseite\",\"item\":\"https:\/\/www.chg.at\/en\/\"},{\"@type\":\"ListItem\",\"position\":2,\"name\":\"Profiles\",\"item\":\"https:\/\/www.chg.at\/en\/profile\/\"},{\"@type\":\"ListItem\",\"position\":3,\"name\":\"Laura Gleinser\"}]},{\"@type\":\"WebSite\",\"@id\":\"https:\/\/www.chg.at\/en\/#website\",\"url\":\"https:\/\/www.chg.at\/en\/\",\"name\":\"CHG Czernich Rechtsanw\u00e4lte \u2013 Wir bewegen Wirtschaft\",\"description\":\"Wir sorgen f\u00fcr Klarheit, wenn es rechtlich kompliziert wird. In jeder Phase Ihrer Unternehmungen. Sie ergreifen die Chancen. Wir verwandeln Risiken in L\u00f6sungen.\",\"publisher\":{\"@id\":\"https:\/\/www.chg.at\/en\/#organization\"},\"potentialAction\":[{\"@type\":\"SearchAction\",\"target\":{\"@type\":\"EntryPoint\",\"urlTemplate\":\"https:\/\/www.chg.at\/en\/?s={search_term_string}\"},\"query-input\":\"required name=search_term_string\"}],\"inLanguage\":\"en-US\"},{\"@type\":\"Organization\",\"@id\":\"https:\/\/www.chg.at\/en\/#organization\",\"name\":\"CHG Czernich Rechtsanw\u00e4lte\",\"url\":\"https:\/\/www.chg.at\/en\/\",\"sameAs\":[\"https:\/\/www.linkedin.com\/company\/12773263\/admin\/dashboard\/\"],\"logo\":{\"@type\":\"ImageObject\",\"inLanguage\":\"en-US\",\"@id\":\"https:\/\/www.chg.at\/en\/#\/schema\/logo\/image\/\",\"url\":\"https:\/\/www.chg.at\/wp-content\/uploads\/2016\/08\/CHG_logo_250_1.png\",\"contentUrl\":\"https:\/\/www.chg.at\/wp-content\/uploads\/2016\/08\/CHG_logo_250_1.png\",\"width\":250,\"height\":33,\"caption\":\"CHG Czernich Rechtsanw\u00e4lte\"},\"image\":{\"@id\":\"https:\/\/www.chg.at\/en\/#\/schema\/logo\/image\/\"}}]}<\/script>\n<!-- \/ Yoast SEO plugin. -->","yoast_head_json":{"title":"Laura Gleinser &ndash; CHG Czernich Rechtsanw\u00e4lte - Innsbruck","description":"Rechtsanw\u00e4ltin, CHG Czernich Rechtsanw\u00e4lte Innsbruck, \u00d6ffentliches Wirtschaftsrecht und Vergaberecht, Gesellschaftsrecht, Unternehmensrecht, Immaterialg\u00fcterrecht, Europaprecht","robots":{"index":"index","follow":"follow","max-snippet":"max-snippet:-1","max-image-preview":"max-image-preview:large","max-video-preview":"max-video-preview:-1"},"canonical":"https:\/\/www.chg.at\/en\/profile\/laura-gleinser\/","og_locale":"en_US","og_type":"article","og_title":"Laura Gleinser &ndash; CHG Czernich Rechtsanw\u00e4lte - Innsbruck","og_description":"Rechtsanw\u00e4ltin, CHG Czernich Rechtsanw\u00e4lte Innsbruck, \u00d6ffentliches Wirtschaftsrecht und Vergaberecht, Gesellschaftsrecht, Unternehmensrecht, Immaterialg\u00fcterrecht, Europaprecht","og_url":"https:\/\/www.chg.at\/en\/profile\/laura-gleinser\/","og_site_name":"CHG Czernich Rechtsanw\u00e4lte \u2013 Wir bewegen Wirtschaft","article_modified_time":"2025-06-24T13:10:50+00:00","og_image":[{"width":1160,"height":1547,"url":"https:\/\/www.chg.at\/wp-content\/uploads\/2022\/11\/CHG-Rechtsanwaelte-Laura-Gleinser-Portrait.jpg","type":"image\/jpeg"}],"twitter_card":"summary_large_image","twitter_misc":{"Est. reading time":"1 minute"},"schema":{"@context":"https:\/\/schema.org","@graph":[{"@type":"WebPage","@id":"https:\/\/www.chg.at\/en\/profile\/laura-gleinser\/","url":"https:\/\/www.chg.at\/en\/profile\/laura-gleinser\/","name":"Laura Gleinser &ndash; CHG Czernich Rechtsanw\u00e4lte - Innsbruck","isPartOf":{"@id":"https:\/\/www.chg.at\/en\/#website"},"datePublished":"2022-09-20T02:00:25+00:00","dateModified":"2025-06-24T13:10:50+00:00","description":"Rechtsanw\u00e4ltin, CHG Czernich Rechtsanw\u00e4lte Innsbruck, \u00d6ffentliches Wirtschaftsrecht und Vergaberecht, Gesellschaftsrecht, Unternehmensrecht, Immaterialg\u00fcterrecht, Europaprecht","breadcrumb":{"@id":"https:\/\/www.chg.at\/en\/profile\/laura-gleinser\/#breadcrumb"},"inLanguage":"en-US","potentialAction":[{"@type":"ReadAction","target":["https:\/\/www.chg.at\/en\/profile\/laura-gleinser\/"]}]},{"@type":"BreadcrumbList","@id":"https:\/\/www.chg.at\/en\/profile\/laura-gleinser\/#breadcrumb","itemListElement":[{"@type":"ListItem","position":1,"name":"Startseite","item":"https:\/\/www.chg.at\/en\/"},{"@type":"ListItem","position":2,"name":"Profiles","item":"https:\/\/www.chg.at\/en\/profile\/"},{"@type":"ListItem","position":3,"name":"Laura Gleinser"}]},{"@type":"WebSite","@id":"https:\/\/www.chg.at\/en\/#website","url":"https:\/\/www.chg.at\/en\/","name":"CHG Czernich Rechtsanw\u00e4lte \u2013 Wir bewegen Wirtschaft","description":"Wir sorgen f\u00fcr Klarheit, wenn es rechtlich kompliziert wird. In jeder Phase Ihrer Unternehmungen. Sie ergreifen die Chancen. Wir verwandeln Risiken in L\u00f6sungen.","publisher":{"@id":"https:\/\/www.chg.at\/en\/#organization"},"potentialAction":[{"@type":"SearchAction","target":{"@type":"EntryPoint","urlTemplate":"https:\/\/www.chg.at\/en\/?s={search_term_string}"},"query-input":"required name=search_term_string"}],"inLanguage":"en-US"},{"@type":"Organization","@id":"https:\/\/www.chg.at\/en\/#organization","name":"CHG Czernich Rechtsanw\u00e4lte","url":"https:\/\/www.chg.at\/en\/","sameAs":["https:\/\/www.linkedin.com\/company\/12773263\/admin\/dashboard\/"],"logo":{"@type":"ImageObject","inLanguage":"en-US","@id":"https:\/\/www.chg.at\/en\/#\/schema\/logo\/image\/","url":"https:\/\/www.chg.at\/wp-content\/uploads\/2016\/08\/CHG_logo_250_1.png","contentUrl":"https:\/\/www.chg.at\/wp-content\/uploads\/2016\/08\/CHG_logo_250_1.png","width":250,"height":33,"caption":"CHG Czernich Rechtsanw\u00e4lte"},"image":{"@id":"https:\/\/www.chg.at\/en\/#\/schema\/logo\/image\/"}}]}},"_links":{"self":[{"href":"https:\/\/www.chg.at\/en\/wp-json\/wp\/v2\/profile\/8837"}],"collection":[{"href":"https:\/\/www.chg.at\/en\/wp-json\/wp\/v2\/profile"}],"about":[{"href":"https:\/\/www.chg.at\/en\/wp-json\/wp\/v2\/types\/profile"}],"replies":[{"embeddable":true,"href":"https:\/\/www.chg.at\/en\/wp-json\/wp\/v2\/comments?post=8837"}],"version-history":[{"count":11,"href":"https:\/\/www.chg.at\/en\/wp-json\/wp\/v2\/profile\/8837\/revisions"}],"predecessor-version":[{"id":26759,"href":"https:\/\/www.chg.at\/en\/wp-json\/wp\/v2\/profile\/8837\/revisions\/26759"}],"wp:featuredmedia":[{"embeddable":true,"href":"https:\/\/www.chg.at\/en\/wp-json\/wp\/v2\/media\/28770"}],"wp:attachment":[{"href":"https:\/\/www.chg.at\/en\/wp-json\/wp\/v2\/media?parent=8837"}],"wp:term":[{"taxonomy":"pl-categs","embeddable":true,"href":"https:\/\/www.chg.at\/en\/wp-json\/wp\/v2\/pl-categs?post=8837"}],"curies":[{"name":"wp","href":"https:\/\/api.w.org\/{rel}","templated":true}]}}

<!-- This site is optimized with the Yoast SEO plugin v19.8 - https://yoast.com/wordpress/plugins/seo/ -->
<title>Laura Gleinser &ndash; CHG Czernich Rechtsanwälte - Innsbruck</title>
<meta name="description" content="Rechtsanwältin, CHG Czernich Rechtsanwälte Innsbruck, Öffentliches Wirtschaftsrecht und Vergaberecht, Gesellschaftsrecht, Unternehmensrecht, Immaterialgüterrecht, Europaprecht" />
<meta name="robots" content="index, follow, max-snippet:-1, max-image-preview:large, max-video-preview:-1" />
<link rel="canonical" href="https://www.chg.at/en/profile/laura-gleinser/" />
<meta property="og:locale" content="en_US" />
<meta property="og:type" content="article" />
<meta property="og:title" content="Laura Gleinser &ndash; CHG Czernich Rechtsanwälte - Innsbruck" />
<meta property="og:description" content="Rechtsanwältin, CHG Czernich Rechtsanwälte Innsbruck, Öffentliches Wirtschaftsrecht und Vergaberecht, Gesellschaftsrecht, Unternehmensrecht, Immaterialgüterrecht, Europaprecht" />
<meta property="og:url" content="https://www.chg.at/en/profile/laura-gleinser/" />
<meta property="og:site_name" content="CHG Czernich Rechtsanwälte – Wir bewegen Wirtschaft" />
<meta property="article:modified_time" content="2025-06-24T13:10:50+00:00" />
<meta property="og:image" content="https://www.chg.at/wp-content/uploads/2022/11/CHG-Rechtsanwaelte-Laura-Gleinser-Portrait.jpg" />
	<meta property="og:image:width" content="1160" />
	<meta property="og:image:height" content="1547" />
	<meta property="og:image:type" content="image/jpeg" />
<meta name="twitter:card" content="summary_large_image" />
<meta name="twitter:label1" content="Est. reading time" />
	<meta name="twitter:data1" content="1 minute" />
<script type="application/ld+json" class="yoast-schema-graph">{"@context":"https://schema.org","@graph":[{"@type":"WebPage","@id":"https://www.chg.at/en/profile/laura-gleinser/","url":"https://www.chg.at/en/profile/laura-gleinser/","name":"Laura Gleinser &ndash; CHG Czernich Rechtsanwälte - Innsbruck","isPartOf":{"@id":"https://www.chg.at/en/#website"},"datePublished":"2022-09-20T02:00:25+00:00","dateModified":"2025-06-24T13:10:50+00:00","description":"Rechtsanwältin, CHG Czernich Rechtsanwälte Innsbruck, Öffentliches Wirtschaftsrecht und Vergaberecht, Gesellschaftsrecht, Unternehmensrecht, Immaterialgüterrecht, Europaprecht","breadcrumb":{"@id":"https://www.chg.at/en/profile/laura-gleinser/#breadcrumb"},"inLanguage":"en-US","potentialAction":[{"@type":"ReadAction","target":["https://www.chg.at/en/profile/laura-gleinser/"]}]},{"@type":"BreadcrumbList","@id":"https://www.chg.at/en/profile/laura-gleinser/#breadcrumb","itemListElement":[{"@type":"ListItem","position":1,"name":"Startseite","item":"https://www.chg.at/en/"},{"@type":"ListItem","position":2,"name":"Profiles","item":"https://www.chg.at/en/profile/"},{"@type":"ListItem","position":3,"name":"Laura Gleinser"}]},{"@type":"WebSite","@id":"https://www.chg.at/en/#website","url":"https://www.chg.at/en/","name":"CHG Czernich Rechtsanwälte – Wir bewegen Wirtschaft","description":"Wir sorgen für Klarheit, wenn es rechtlich kompliziert wird. In jeder Phase Ihrer Unternehmungen. Sie ergreifen die Chancen. Wir verwandeln Risiken in Lösungen.","publisher":{"@id":"https://www.chg.at/en/#organization"},"potentialAction":[{"@type":"SearchAction","target":{"@type":"EntryPoint","urlTemplate":"https://www.chg.at/en/?s={search_term_string}"},"query-input":"required name=search_term_string"}],"inLanguage":"en-US"},{"@type":"Organization","@id":"https://www.chg.at/en/#organization","name":"CHG Czernich Rechtsanwälte","url":"https://www.chg.at/en/","sameAs":["https://www.linkedin.com/company/12773263/admin/dashboard/"],"logo":{"@type":"ImageObject","inLanguage":"en-US","@id":"https://www.chg.at/en/#/schema/logo/image/","url":"https://www.chg.at/wp-content/uploads/2016/08/CHG_logo_250_1.png","contentUrl":"https://www.chg.at/wp-content/uploads/2016/08/CHG_logo_250_1.png","width":250,"height":33,"caption":"CHG Czernich Rechtsanwälte"},"image":{"@id":"https://www.chg.at/en/#/schema/logo/image/"}}]}</script>
<!-- / Yoast SEO plugin. -->

Laura Gleinser &ndash; CHG Czernich Rechtsanwälte - Innsbruck

Rechtsanwältin, CHG Czernich Rechtsanwälte Innsbruck, Öffentliches Wirtschaftsrecht und Vergaberecht, Gesellschaftsrecht, Unternehmensrecht, Immaterialgüterrecht, Europaprecht

CHG Czernich Rechtsanwälte – Wir bewegen Wirtschaft

Wir sorgen für Klarheit, wenn es rechtlich kompliziert wird. In jeder Phase Ihrer Unternehmungen. Sie ergreifen die Chancen. Wir verwandeln Risiken in Lösungen.

CHG Czernich Rechtsanwälte
